86041. Give y(-75).
-34
Let m(w) = -338*w**2 + 1106*w + 11. Determine m(3).
287
Let z(t) = 20286*t - 202875. Give z(10).
-15
Let t(k) = 78*k**2 + 163*k + 524. Determine t(-3).
737
Let f(y) = y**3 + 568*y**2 + 3413*y + 44. Calculate f(-6).
-202
Let w(f) = 261808*f - 1309021. Determine w(5).
19
Let y(x) = x**3 + 33*x**2 - 17*x - 657. Calculate y(-33).
-96
Let d(h) = 95*h**2 + 21758*h + 682. Give d(-229).
-5
Let t(o) = -o**3 - 350*o**2 - 1403*o + 12. Give t(-4).
88
Let v(u) = 5*u**2 - 563*u + 5461. What is v(102)?
55
Let o(q) = q**3 - 379*q**2 - 1252*q + 331329. Give o(380).
-31
Let b(z) = 335*z - 95955. What is b(290)?
1195
Let l(q) = 90219*q - 1894604. Give l(21).
-5
Let t(j) = -588853*j + 1766544. Give t(3).
-15
Let j(g) = g**3 + 17*g**2 - 76*g + 293. Calculate j(-18).
1337
Let p(c) = -1211*c + 67729. What is p(56)?
-87
Let q(z) = 75*z + 5908. What is q(-100)?
-1592
Let h(q) = -q**3 + 15*q**2 + 280*q - 2515. Determine h(21).
719
Let s(a) = -a**3 - 67*a**2 + 92*a + 1690. What is s(-68)?
58
Let i(x) = x**3 + 2*x**2 - 975*x - 4823. Calculate i(-5).
-23
Let q(j) = -10*j**2 + 69*j + 376. Calculate q(12).
-236
Let k(v) = -v**2 - 1646*v - 606434. Give k(-557).
139
Let z(l) = 131*l + 1239. Determine z(-10).
-71
Let o(q) = 126487*q - 2656227. Give o(21).
0
Let c(u) = 25*u - 2097. Give c(73).
-272
Let t(q) = q**2 - 173*q - 900. Determine t(-5).
-10
Let h(k) = 7*k**2 - 18412*k + 73663. Calculate h(4).
127
Let b(r) = -1290*r + 140671. Calculate b(110).
-1229
Let m(h) = h**3 + 13*h**2 + 81*h + 296. Calculate m(-9).
-109
Let p(l) = 569*l + 63688. Calculate p(-113).
-609
Let f(a) = -2093*a + 343258. Calculate f(164).
6
Let j(k) = 13*k**2 - 23*k - 386. Calculate j(9).
460
Let d(n) = 12*n**2 + 52*n - 68. Determine d(-6).
52
Let m(b) = 2*b**2 + 4118*b + 1457345. Give m(-1605).
5
Let b(s) = -14899*s - 163874. Calculate b(-11).
15
Let q(z) = 378*z + 119921. Give q(-322).
-1795
Let b(l) = -17*l**2 + 289*l + 58. Determine b(7).
1248
Let k(x) = 6*x**3 + 4*x**2 + 89*x + 638. Give k(-8).
-2890
Let b(c) = 5*c**3 + 2446*c**2 - 55699*c + 6. What is b(-511)?
6
Let f(h) = 176445*h - 4. Calculate f(0).
-4
Let b(k) = 243842*k + 975371. What is b(-4)?
3
Let o(h) = -306508*h + 919525. Calculate o(3).
1
Let t(f) = -6*f**3 - 226*f**2 + 93*f - 41. Determine t(-38).
-687
Let v(w) = -3100*w + 2653566. Determine v(856).
-34
Let l(s) = 4*s**3 - 59*s**2 - 168*s + 309. What is l(17)?
54
Let h(q) = 3284*q + 344876. What is h(-105)?
56
Let j(m) = -4*m**3 + 71*m**2 - 260*m + 138. Determine j(5).
113
Let p(i) = -178*i + 3806. What is p(17)?
780
Let u(y) = y**2 - 16315*y + 16. Determine u(0).
16
Let i(m) = 54*m**3 - 107623*m**2 + 1962*m + 61774. Calculate i(1993).
-9
Let t(i) = 35499*i - 5005362. Determine t(141).
-3
Let b(h) = h**3 - 88*h**2 + 863*h - 107. What is b(77)?
1125
Let l(n) = -1848647*n + 3697298. Determine l(2).
4
Let s(v) = 688*v**2 - 20768*v + 3831. Determine s(30).
-9
Let g(j) = -123196*j - 1847915. Calculate g(-15).
25
Let t(g) = 3*g**3 - 421*g**2 - 892*g + 25853. Calculate t(142).
9
Let s(t) = 2*t**2 - 10777*t - 53876. Calculate s(-5).
59
Let w(r) = -r**3 - 114*r**2 + 1583*r + 222522. Calculate w(-110).
-8
Let q(t) = -4*t**3 - 79*t**2 - 39*t + 356. Calculate q(-19).
14
Let y(m) = -28*m**3 + 20356*m**2 - 272*m + 197742. Give y(727).
-2
Let d(f) = -1301*f - 46908. Calculate d(-36).
-72
Let c(a) = -329*a**2 + 86*a + 69. What is c(-1)?
-346
Let y(f) = 50*f**2 - 307*f - 3658. Calculate y(-6).
-16
Let w(q) = -3*q**3 - 107*q**2 - 86*q - 69. Calculate w(-35).
491
Let u(t) = -4*t**3 - 1070*t**2 - 538*t - 1064. Give u(-267).
4
Let t(p) = -p**3 + 53*p**2 + 139*p + 8746. Determine t(58).
-12
Let h(y) = -10*y**2 - 1869*y - 94. Determine h(-187).
-281
Let j(z) = 24*z**2 - 6998*z - 2973. Calculate j(292).
-53
Let i(c) = c**3 + 188*c**2 - 1366*c - 233. What is i(-195)?
-38
Let j(l) = -l**3 - 5*l**2 + 221*l - 378. Calculate j(-20).
1202
Let n(u) = -44072*u + 1046. Give n(0).
1046
Let t(p) = p**3 + 29*p**2 - 614*p + 929. Calculate t(12).
-535
Let a(f) = f**3 + 37*f**2 - 2104*f + 264. Calculate a(-68).
-8
Let x(l) = 303*l**3 - 5*l**2 + 191*l - 380. What is x(2)?
2406
Let y(r) = -r**3 - 105*r**2 - 1115*r + 45. Give y(-93).
-48
Let j(x) = 108*x**2 + 664*x + 11. Determine j(-6).
-85
Let i(o) = 6*o**3 - 1152*o**2 + 1144*o - 98. Give i(191).
-480
Let l(d) = d**2 + 540*d + 56545. Determine l(-142).
29
Let j(c) = -c**3 - 10*c**2 - 902*c - 6171. Give j(-7).
-4
Let r(a) = -931*a**3 + 2775*a**2 + 49*a + 8. Determine r(3).
-7
Let s(z) = z**3 + 956*z**2 - 190*z + 3. Determine s(0).
3
Let y(x) = 5476*x + 32860. Give y(-6).
4
Let g(x) = 11*x**3 + 6*x**2 - 70*x + 48. Give g(4).
568
Let o(n) = -2*n**3 + 38*n**2 + 862*n - 8210. What is o(29)?
-32
Let m(p) = 22436*p**2 - 1032055*p - 42. What is m(46)?
4
Let o(x) = 2002*x**2 - 158166*x + 82. Calculate o(79).
-550
Let k(q) = -171*q + 7075. What is k(29)?
2116
Let c(t) = -1800*t + 48607. Calculate c(27).
7
Let a(b) = -2*b**2 + 374*b + 68676. Give a(-114).
48
Let k(h) = 368*h + 44530. Give k(-121).
2
Let v(f) = -61*f**2 - 6455*f + 6. What is v(-106)?
-1160
Let s(q) = -9*q**2 - 51198*q - 562082. Determine s(-11).
7
Let o(m) = -2629*m + 7838. Determine o(3).
-49
Let m(s) = -3*s**2 + 132*s + 18745. Give m(-60).
25
Let w(v) = -12*v**3 - 360*v**2 - v + 106. Calculate w(-30).
136
Let s(i) = -96*i**3 - 3263*i**2 + 45*i + 139. Determine s(-34).
-235
Let b(c) = -80*c - 5668. Determine b(-81).
812
Let d(j) = 383*j + 7609. What is d(-20)?
-51
Let t(q) = 16*q**2 + 7033*q + 14069. Give t(-2).
67
Let c(r) = -475*r - 1021. Calculate c(-3).
404
Let c(o) = -25*o**2 - 236*o + 47248. Give c(39).
19
Let d(f) = 282*f + 6547. Give d(-23).
61
Let s(d) = 45767*d + 2242567. What is s(-49)?
-16
Let l(q) = -2627*q + 1458071. What is l(555)?
86
Let q(a) = -a**3 - 10*a**2 + 167*a + 1374. Give q(-15).
-6
Let m(p) = 9*p**2 - 8134*p - 40931. Determine m(-5).
-36
Let m(d) = -28*d**3 + 164*d**2 + 13*d + 50. Calculate m(6).
-16
Let b(x) = 155334*x - 3262024. Give b(21).
-10
Let x(z) = -106*z**2 + 84*z - 195. Give x(4).
-1555
Let o(q) = -2*q**2 - 400*q + 9521. Determine o(-220).
721
Let w(g) = 24*g**3 - 191*g**2 - 350*g + 2729. Give w(8).
-7
Let w(i) = -17*i**2 - 1370*i + 7912. Give w(-86).
0
Let j(m) = -5*m**2 - 1905*m + 3898. Give j(2).
68
Let n(p) = p**3 + 13*p**2 + 87*p + 385. Give n(-8).
9
Let s(d) = -d**3 - 142*d**2 + 284*d - 1228. Determine s(-144).
-652
Let v(r) = -23*r + 893. Calculate v(-2).
939
Let f(g) = 83330*g - 1666462. Determine f(20).
138
Let z(i) = -44*i**2 - 3997*i - 193. Determine z(-91).
-830
Let a(y) = 40*y - 1308. Calculate a(22).
-428
Let o(s) = s**3 + 6*s**2 + 86*s + 629. Calculate o(-7).
-22
Let n(v) = 123*v - 16019. Give n(131).
94
Let o(n) = 3*n**2 + 6232*n + 37240. Give o(-6).
-44
Let g(l) = l**3 + 1444*l**2 + 61524*l - 106406. Calculate g(-1400).
-6
Let r(c) = -c**3 - 108*c**2 + 5*c + 534. Determine r(-108).
-6
Let w(f) = 2079*f + 25074. What is w(-12)?
126
Let t(w) = -39848*w + 240338. Determine t(6).
1250
Let l(v) = 4*v**3 + 87*v**2 - 443*v + 81. Determine l(-26).
107
Let k(x) = 1544*x**2 + 18522*x - 47. Give k(-12).
25
Let m(r) = -2327*r + 44209. Calculate m(19).
-4
Let p(i) = -3168*i + 63368. Determine p(20).
8
Let r(y) = -y**3 + 874*y**2 + 926*y + 54. Determine r(-1).
3
Let r(o) = -170*o**3 - o**2 - 58*o + 113. Calculate r(2).
-1367
Let x(m) = 2*m**3 - 13*m**2 - 1145*m + 6900. Determine x(6).
-6
Let m(u) = -762*u - 56724. What is m(-75)?
426
Let u(d) = -d**3 - 25*d**2 - 133*d + 132. Give u(-13).
-167
Let i(v) = 113084*v + 339291. Calculate i(-3).
39
Let j(b) = -b**3 - 18*b**2 - 82*b - 11. Determine j(-9).
-2
Let s(j) = -96*j - 4015. What is s(-43)?
113
Let g(r) = 355*r**2 + 80213*r - 3786. What is g(-226)?
56
Let l(m) = 75*m + 16628. Give l(-222).
-22
Let x(u) = 2*u**2 + 1820*u - 93969. Calculate x(-959).
13
Let p(q) = q**3 - 10*q**2 + 30042*q - 300421. Give p(10).
-1
Let d(b) = -2*b**2 + 89*b + 709. Calculate d(-8).
-131
Let r(u) = -430*u**2 - 4744*u - 128. Give r(-11).
26
Let v(w) = -80418*w + 1849588. Give v(23).
-26
Let b(k) = -5227*k**2 - 36796*k + 28. What is b(-7)?
1477
Let s(l) = 823*l - 49210. Determine s(60).
170
Let v(c) = -2*c**3 + 37*c**2 + 412*c - 129. Calculate v(-10).
1451
Let k(q) = 1471*q**2 + 13239*q - 72. Calculate k(-9).
-72
Let j(u) = -6